
58
Suppose -93*a + 186*a - 11536 = 77*a. Calculate the greatest common factor of a and 1236.
103
Let k(q) = q**2 - 196*q - 2220. Let s be k(-11). Let n be 12*38/8*1. Calculate the greatest common factor of s and n.
57
Suppose w - 90 = -a, 16*w + 2*a + 93 = 17*w. Calculate the highest common factor of w and 679.
7
Let k(z) = 3*z + 22 - 9 - 14. Let w be k(9). Calculate the highest common factor of 39 and w.
13
Suppose -2*c = -41 + 9. Suppose -c*v + 1386 = 90. What is the greatest common factor of v and 18?
9
Let o(f) = 13*f**2 - 3*f - 8. Let x(c) = 13*c**2 - 4*c - 10. Let l(k) = 3*o(k) - 2*x(k). Let d be l(-2). Calculate the greatest common divisor of 10 and d.
10
Let b be (-7)/(-49) - 15622/(-14). Let f = b + -1103. Suppose g - 112 = -2*a, -3*g = a + a - 320. What is the greatest common factor of g and f?
13
Let g = -3 + 9. Suppose -72 = -9*c - 9*c. Suppose 0 = -3*r - 3*f + 114, c*f - 68 = -2*r - 0*f. What is the greatest common factor of r and g?
6
Suppose 2*s = -3*f + 34895, 2*s + 1046*f - 34900 = 1042*f. Calculate the greatest common divisor of 80 and s.
80
Let o = 21836 + -15302. What is the highest common divisor of 99 and o?
99
Let d be -6*(-219)/81 + 2/(-9). Suppose d*u + 5 = 17*u. Let l = 0 - -5. Calculate the highest common factor of u and l.
5
Let d be (-2)/(-3) + (-208)/6. Let p = d + 94. Let n be 273/3549 + 1949*1/13. What is the greatest common divisor of n and p?
30
Suppose -5*j = -12*j + 21. Suppose j*w - 75 = 15. Suppose 20*f - 90 = 19*f. Calculate the highest common divisor of w and f.
30
Let d(a) = a - 15. Let p be d(15). Suppose p*b - 6*b = -84. Calculate the highest common factor of b and 658.
14
Suppose 85*b - 546 - 630 = 439. Let y(d) = -2*d + 2. Let t be y(5). Let m(n) = n**2 - 5*n + 10. Let a be m(t). Calculate the greatest common factor of a and b.
19
Let r be (-8 - -14) + 7 + 16. Calculate the highest common factor of r and 783.
29
Suppose 493 = -31*v + 691 + 2189. Let n(g) = g**2 + g + 1. Let k be n(-3). Calculate the highest common divisor of v and k.
7
Let q(m) = -8*m**3 - 33*m**2 - 34*m - 333. Let c be q(-11). Calculate the greatest common factor of 324 and c.
108
Let d(x) = 7*x**3 + 11*x**2 + 8*x + 9. Let y be d(-4). Let a = 605 + y. Calculate the highest common divisor of a and 10.
10
Let h be 30/20*(-4768)/(-12). Suppose -2366 = -4*o + 5*w, -3*o = -4*o - w + h. Calculate the greatest common divisor of 54 and o.
54
Let v(x) = -x**2 + 3*x + 5. Let q be v(-3). Let m be (-1 - -69) + 11 + q. Suppose 3*f - 163 = 134. What is the highest common factor of m and f?
33
Let k be -14 - -13 - (72 + -1). Let j = k + 87. Let l be -5*(-12)/j*3/2. Calculate the highest common factor of l and 2.
2
Let l(w) = w**2 - 2*w + 2. Let o be l(2). Let i be ((-21950)/15)/(-10) + o/(-6). Suppose b = i - 50. Calculate the greatest common divisor of b and 16.
16
Let d be (2/(10/15))/((-3)/5) - -12. Let o(u) = -u**3 + 11*u**2 - 14*u + 5. Let b be o(9). Let i = -13 + b. Calculate the greatest common divisor of i and d.
7
Let j(l) = 3*l**2 + 182*l - 4251. Let s be j(95). Calculate the greatest common divisor of 62 and s.
62
Let u be 1*(-5)/4*-4. Suppose z = u*z - 5*c - 33, 3*z = c + 11. Let v be (-2)/(z/1) + (15 - 0). Calculate the greatest common factor of 126 and v.
14
Let f(i) = -308*i**2 - 9242*i + 32. Let n be f(-30). What is the highest common divisor of 50324 and n?
92
Let i be (-2)/7 + (-3346600)/(-140) + 1. What is the highest common divisor of 70 and i?
35
Let i be (-2262)/261*((-1 - 17) + 0). Suppose 5*d - 8 - 2 = 0. Let n be (-39)/(d - 5)*8. What is the greatest common divisor of n and i?
52
Let n = -1268 + 1298. What is the highest common factor of 1910 and n?
10
Suppose 0 = -255*o + 260*o - y - 6397, -5*y = -2*o + 2545. Calculate the highest common factor of 260 and o.
20
Suppose 10*k = -109 + 1549. Let q be (106 + -1)*k/216. Let c be 0 - (1 - -1) - -16. Calculate the greatest common divisor of c and q.
14
Let m(a) = -a**2 + 28*a + 53. Let z be m(11). Calculate the highest common factor of z and 315.
15
Let v be 289/((-288)/(-57) - 5). What is the greatest common factor of v and 57?
19
Let t(d) = -d**3 + 2*d**2 + d - 1. Let x be t(1). Let l = 11 + x. Suppose 0 = 190*m - 121*m - 6624. What is the greatest common divisor of l and m?
12
Let w(m) = 11*m**2 - 26*m + 253. Let l be w(15). Calculate the greatest common factor of l and 14.
14
Let o(b) = -2*b**3 - 31*b**2 - 18*b - 37. Let k be o(-15). Suppose -k*i + 1760 = 2*i. Calculate the highest common factor of i and 16.
16
Let x = 21637 - 12229. What is the greatest common divisor of x and 42?
42
Let n(l) = 3*l**2 + 170*l + 4. Let c be n(-59). What is the highest common factor of 1807 and c?
139
Suppose -2*l + 535 = 5*u, 1294 = l + 4*l - 2*u. Let v = -14 - -54. Calculate the highest common factor of v and l.
20
Let w be -5*1209098/(-330) + (-2)/(-6). Calculate the highest common divisor of 80 and w.
80
Let h(t) = t**3 + 22*t**2 + 105*t - 5. Let g be h(-11). What is the highest common divisor of g and 684?
171
Let j = -1212 + 3302. Calculate the greatest common divisor of j and 950.
190
Let t = 8 + -3. Let v = 411 + -171. Suppose t*p = 3*m + v, -3*p - 4*m + 8 = -107. Calculate the greatest common factor of 30 and p.
15
Let c = 204 + -187. Suppose -33 = -2*z - 0*d + d, z = d + 16. What is the greatest common divisor of c and z?
17
Suppose a + 7 = x - 4*a, 0 = 4*x + a - 28. Suppose -x*f + 6*f - 6 = 0. Let b be (-21)/14 + (0 - 33/f). Calculate the highest common divisor of b and 44.
4
Suppose -2738*v + 2724*v + 23 = -19. What is the highest common factor of v and 3819?
3
Let x = 9200 - 9058. Calculate the highest common divisor of x and 3124.
142
Let k = 1307 + -1163. Suppose -2*i - 40 = -6*i + f, 20 = -5*f. What is the greatest common factor of i and k?
9
Let q be (155616/(-36))/(-4) + (-8)/12. Calculate the greatest common factor of q and 280.
40
Let i = -33 - -36. Let j be -3 - (23 + 1)/i. Let p = -5 - j. Calculate the highest common factor of 4 and p.
2
Let p be (59/(12980/14388))/((-2)/(-140)). Calculate the highest common factor of p and 42.
42
Let b(s) = 33*s + 1302. Let w be b(-33). Let l be 2970/42 + (-2)/(-7)*1. What is the greatest common factor of l and w?
71
Let b = 125 + -115. Suppose -b*c + 12*c + 4*y - 184 = 0, 20 = 5*y. Calculate the greatest common divisor of c and 147.
21
Let n = -95 - -103. Let m be n/(-14)*154/(-11). Suppose -2*a + 0*a - c + 178 = 0, 5*c = -a + 98. Calculate the greatest common factor of a and m.
8
Let l be (-62*2*(-50)/120)/((-1)/(-15)). What is the highest common factor of 341 and l?
31
Let y be (2 + (3 - (-10 + -7)))*67. What is the highest common divisor of y and 88?
22
Let f be (2/(-4))/((-25)/(-19100)). Let k = 591 + f. Calculate the greatest common factor of 19 and k.
19
Let x(f) = f**2 - 8*f - 38. Suppose i - 9 = -4*n + 19, -20 = -3*i + 4*n. Let a be x(i). What is the highest common divisor of a and 190?
10
Let c(k) = 427*k**2 - k - 2. Let d be c(-1). Let j = -352 + d. What is the highest common factor of j and 148?
74
Let y(g) = -10*g**2 - 168*g + 29. Let b be y(-17). Let n be b + ((-39)/(-2))/(15/40). What is the greatest common divisor of 2 and n?
1
Let w(o) = o**2 - 19*o + 22. Let d be w(18). Suppose -5*a = d*y - 3196, 3*a - y + 639 = 4*a. What is the highest common factor of 20 and a?
20
Suppose 2 = t - 3*o, -6*o = -2*o - 12. What is the highest common factor of t and 9977?
11
Let r = 18 + -165. Let t = r - -245. What is the greatest common divisor of 2 and t?
2
Let p be 5/1 - -3*(-4 - -5). Calculate the greatest common factor of 64 and p.
8
Suppose 15*b - 8664 = 7*b. Calculate the greatest common factor of 133 and b.
19
Suppose 0 = -14*b + 1198 + 496. Suppose 0 = -2*j + b - 55. Calculate the highest common factor of j and 132.
33
Let v be ((-158)/(-8))/((-17)/(-68)) + 2. What is the highest common divisor of 2997 and v?
81
Let l = 836 - 807. Suppose -l*s - 3979 = -18856. Calculate the greatest common factor of 54 and s.
27
Let p be ((-14)/(-8))/((-2)/(-8)). Let j = 561 - 211. Suppose j + 112 = 6*l. Calculate the greatest common factor of l and p.
7
Suppose -8*b + 7*b + 2 = 0. Suppose -170 = -4*i + 5*c, c - b*c = -i + 43. Let f be (-2 - -1) + 2 + 14. What is the greatest common divisor of f and i?
15
Suppose 5*u - 7285 - 10519 = -220